t n = 348 - 162. What is the units digit of n?
6
What is the units digit of 10/((-2 - 2) + 5)?
0
Suppose -3*g + 18 = -6. Suppose -6*w = -2*w - g. What is the units digit of (2 - 1)/(w/20)?
0
Let k = 60 - 41. What is the units digit of k?
9
Suppose n - 3 = -3*j - 1, 3*j + 10 = 5*n. What is the units digit of n?
2
What is the units digit of (-2)/56*-4 + 194/14?
4
Let p = 29 - 42. Let f = p + 17. What is the units digit of f?
4
Let j = 4 + -2. Suppose -6 = -2*h - j*v, 0 = 4*h - h + 5*v + 1. What is the units digit of h?
8
Let u(j) = -11*j - 43. What is the units digit of u(-16)?
3
Suppose 4*d = -41 + 13. Suppose 2*t + t + 64 = -4*g, -2*g + 2*t = 32. Let q = d - g. What is the units digit of q?
9
Let k = 13 + 12. Suppose 3*l = 3*u + 3 + 6, -5*l = -k. Suppose -3*r + 30 = u*r. What is the units digit of r?
6
Let v be (-2)/(-2)*3 - 7. Let j = 10 + v. What is the units digit of j?
6
Suppose -4*p = -w - 18, -4*w + 3*w - 5*p + 27 = 0. Suppose w*z - z = 1. What is the units digit of z?
1
Let p(d) = -d**3 - 9*d**2 - 8*d - 4. Let l be p(-8). Let t be l/(-3)*(1 + -7). Let r = -6 - t. What is the units digit of r?
2
Let u(x) = -5*x - 2. Let a(v) = -11*v - 5. Let i(y) = -4*a(y) + 9*u(y). Let r be i(-6). Suppose 2*j = 3*j - r. What is the units digit of j?
8
Let o(a) = -a + 1. Suppose -x + 2*x = 4*j - 28, 2*j - 4*x = 28. Let u be o(j). Let p(k) = k**2 + 4*k - 3. What is the units digit of p(u)?
2
Let v(l) = l**2 - 8*l + 9. Suppose 7*s - 2*s = 35. Let m be v(s). Suppose -2*g + g = 5*j - 1, -m*g + 2 = 3*j. What is the units digit of g?
1
Let k(b) be the third derivative of -b**4/24 - b**2. Let d be k(-2). Suppose 0*x + 2*u + 6 = d*x, -5*x - 1 = 3*u. What is the units digit of x?
1
Suppose 22 = 2*y + y + 4*u, -y + u - 2 = 0. What is the units digit of y?
2
Let t(z) = -z**2 + 13*z. Let a be t(13). Suppose -4*q + 0*n + n + 99 = a, 0 = 5*q + 5*n - 130. What is the tens digit of q?
2
Suppose 2*j - 5 = -q, 3*j = j + 5*q + 11. What is the units digit of (-3)/(3/j + -2)?
3
Suppose 0 = 5*g - 0 - 15. What is the units digit of g?
3
Let c(y) = -y**3 + y + 4. Let w be c(0). Suppose -n + 0*n - 3*i = -11, -4*i = w*n - 4. What is the units digit of (-6)/n*2 + 0?
3
Suppose 0 = -4*w + y + 51, 0*y - 5*y - 60 = -5*w. Let g(u) = -u**3 + 5*u**2 + 3. Let h be g(5). Let l = h + w. What is the tens digit of l?
1
Let f = 74 - 51. What is the units digit of f?
3
Let d = -134 + 204. What is the tens digit of d?
7
Let z be (-10)/(-6) + 3/9. Let k = z - -12. What is the units digit of k?
4
Let a(l) = -l - 13. Let i be a(-9). Let x be (-1)/i + 147/(-12). Let c = x + 23. What is the tens digit of c?
1
Suppose -y = 4*r - 14, -5*r + 4*y = -1 - 6. Suppose 0 = -2*w - 4, -r*c = -4*c + 2*w + 7. What is the units digit of c?
3
Let s(w) = w**3 - 3*w**2 + 3*w - 3. Let f be s(3). Suppose 11 = 7*b - f*b. What is the tens digit of b?
1
Let i(j) = -2*j**3 - j**2 + 3*j - 1. Let p be i(2). What is the units digit of -1*p/(-6)*-4?
0
Let a = 14 - 1. Suppose -6 = -4*m + m. Suppose -l + m*l = a. What is the units digit of l?
3
Let t = -242 + 382. What is the hundreds digit of t?
1
Let n = -5 + 8. Let u(v) = -5*v**3 - 4*v + v**2 + 5*v**2 + 4*v**n. What is the units digit of u(5)?
5
Let f be (3/(-2))/(1/(-2)). Suppose 0 = 3*c - 3*j - f, -3*j + 2*j = -1. Suppose 3*q + 2*r = c, -5*r + 0*r - 4 = 3*q. What is the units digit of q?
2
Let q(l) be the third derivative of l**6/120 + l**5/12 + l**4/12 + l**3/6 + 3*l**2. What is the units digit of q(-2)?
9
Suppose -5*y - 7 - 2 = 4*g, -4 = 4*g. Let a be (y - 0)*0/(-3). Suppose a = -4*m + 2 + 10. What is the units digit of m?
3
Suppose 0*z - 2*z + 30 = 0. Let l be z/2*(-4)/5. Let q = l + 8. What is the units digit of q?
2
Let s(i) = 2*i + 15. What is the tens digit of s(5)?
2
Let p = 0 + 2. Let h(a) = 6*a**3 + 6*a**2 - 7*a**2 - 3 + p + a. What is the units digit of h(1)?
5
Let r be (10/4 - -4)*-2. Let u(l) = 2*l**3 + l**2 - 2*l + 1. Let v be u(-2). Let t = v - r. What is the units digit of t?
6
Let l = 3 - 14. Let w = 24 + l. What is the units digit of w?
3
Suppose -4*f = -3*f - 10. Suppose n - 4*n = 5*d + 10, 2*n + 4*d + f = 0. What is the units digit of n?
5
Let r(n) = n**3 + 5*n**2 - n - 3. Let p be r(-5). Suppose 5*i - 4*i = -7. What is the units digit of 3/(-3) - (i + p)?
4
Let q(a) = -82*a**3 - 2*a - 2. What is the tens digit of q(-1)?
8
Suppose 0 = 4*o + p - 10, 0 = 5*o - 5*p - 0*p - 25. Suppose 0 = -3*s - o + 12. What is the tens digit of 12 + -1 + s/(-3)?
1
Let k = -48 + 79. What is the units digit of k?
1
Suppose -3*f = -0 - 9. Suppose -2*w = -w - 6. Suppose -4*k - 2*p + 14 = 0, f*k + w = 6*p - 2*p. What is the units digit of k?
2
Let r(g) = -g**3 - g**2. Let l be r(-1). Suppose l = y - 2*d + 1, y + 3 = d + 5. What is the units digit of y?
5
Suppose 0 = -4*w - i + 9 - 37, 5*w = 5*i - 10. Suppose 16 = m - 3*u - u, -2 = 2*u. Let b = w + m. What is the units digit of b?
6
Let z be 3/(-9)*-1*18. What is the tens digit of -2 + 87/z*2?
2
Suppose 1 = 2*y - 5, -4*j + 4*y = 0. Let d be (-1 - j) + 1*-2. Let r = 0 - d. What is the units digit of r?
6
Suppose g + 4*g = -605. Let c = g - -169. Suppose 0 = 5*l - 2 - c. What is the units digit of l?
0
Let h(b) = b**2 + 4*b + 2. Let i be h(-8). Suppose -2*r = 3*o - 4 - 6, -42 = -5*r + o. Suppose -l - i = -4*z, 4*z - 44 = 2*l - r. What is the units digit of z?
8
Suppose 5 = 2*o - 3*o, 0 = 3*c - 4*o + 52. Let d = 7 + c. Let i = -2 - d. What is the tens digit of i?
1
Let g(u) = -u**2 - 6*u + 4. What is the units digit of g(-5)?
9
Let r be 2/5 - (-190)/25. Let w be (7 + -2)/(4/r). Suppose -4*m + 2*m = -w. What is the units digit of m?
5
Let l = 8 - 3. Suppose 0 = -3*z - 2 + l. What is the units digit of z?
1
Suppose 2*u + 4*v = -36, v = 4*u + u + 101. Let j = -4 - u. What is the tens digit of j?
1
Let z = -65 - -98. What is the units digit of z?
3
Let k(g) be the first derivative of -g**2/2 + 11*g - 1. Let w = -1 - -9. What is the units digit of k(w)?
3
Let p = 7 - -42. What is the tens digit of p?
4
Suppose 0 + 2 = d. Suppose -2*v = -3*t - 13, 0 = 4*v - 0*v + d*t - 2. Suppose -v*z = -0*z - 26. What is the tens digit of z?
1
Let c(a) = 3*a**2 - 5. What is the tens digit of c(-3)?
2
Let i = -3 + 5. Let f = -2 + 6. Suppose r - f - i = 0. What is the units digit of r?
6
Suppose -6*l = -5*l - 88. What is the units digit of l?
8
Suppose -4*w - 25 = -9*w. What is the units digit of w?
5
Suppose -i + 0*i = -2. Let h(p) = 4*p**2 + 2*p + 1. Let w be h(-1). Suppose -w*t + 65 = i*t. What is the tens digit of t?
1
Let h(w) = w**3 + w - 1. Let q be h(2). Suppose -3*i + 93 - q = 0. What is the tens digit of i?
2
Let y = -4 - -3. Let v be (1 + (-5 - y))/1. What is the units digit of 10/(-6)*v - -3?
8
Suppose -1 = 4*r - 9. Suppose -c - r*c = y - 114, -5*y = 5*c - 180. What is the tens digit of c?
3
Suppose -4*o - 3*a + 270 = 0, 0 = -a - 6 + 4. What is the units digit of o?
9
Suppose 7*q = q + 288. Let o = -4 + q. What is the tens digit of o?
4
Suppose 0 = -8*h + h + 574. What is the units digit of h?
2
Suppose -125 = -3*o + q, 120 = 2*o + 4*q + 18. What is the units digit of o?
3
Let s = 105 + -65. What is the tens digit of s?
4
Suppose 0 = 4*p - 6*p - 12. Let y(f) = 0*f**2 - 2*f**2 + 3*f**2 + 4*f - 5. What is the units digit of y(p)?
7
Suppose -3*r = -0*r - 249. What is the tens digit of r?
8
Let g = 108 - 101. What is the units digit of g?
7
Suppose c - 336 = -7*c. What is the units digit of c?
2
Let u(v) = -25*v**2 - 6*v + 2. Let x(k) = -12*k**2 - 3*k + 1. Let c(n) = 4*u(n) - 9*x(n). What is the tens digit of c(2)?
3
Let f = 34 + -16. Suppose -f - 22 = -2*x. What is the units digit of x?
0
Let i(y) = 2*y - 1. Let p be i(-1). Let k be 21/(3/p) - 0. What is the units digit of k/(-5) - (-1)/(-5)?
4
Suppose 3*t - 458 - 163 = 0. What is the units digit of t?
7
Let p(o) = o**2 - 5*o - 6. What is the tens digit of p(9)?
3
Let w(z) = 2*z**2 - z - 2. Let o be w(-4). What is the tens digit of o + (0 + -2 - -3)?
3
Let i(m) = -m**3 + 7*m**2 + 3*m + 1. Let u be i(7). Suppose -2*y + 0*y - 24 = 0. Let o = u + y. What is the tens digit of o?
1
Suppose 5*o - 7*i = -3*i + 47, -5*o - i + 57 = 0. What is the tens digit of o?
1
Let w(d) = d**3 + 12*d**2 + 2*d + 16. Let s be w(-12). What is the units digit of (-3)/(-1 + (-4)/s)?
6
Suppose -4*h = -3*h - 7. Suppose 